 7*h - 2. Let x be f(6). Suppose x*z = 75 - g. What is the remainder when 50 is divided by z?
14
Let g(s) be the first derivative of -5*s**2/2 - 49*s + 29. Calculate the remainder when g(-17) is divided by 13.
10
Let c(q) = -2*q**2 + 4*q**3 + 3*q + 3*q**3 - 4*q**3 - 7. Calculate the remainder when c(2) is divided by 3.
0
Suppose 12*w - 61 = 35. Let k(x) = -5*x**3 + 4*x + 3. Calculate the remainder when k(-3) is divided by w.
6
Suppose -m - 319 = -5*j, -6*j - 4*m + 299 = -j. Suppose -2*f = 2*f - 44. Calculate the remainder when j is divided by f.
8
Suppose -a + 12 = 3*a. Suppose -4 + 12 = 5*d + a*z, 3*z - 4 = -d. Let n = 10 + d. Calculate the remainder when n is divided by 3.
2
Let x(v) = -2*v**3 - 4*v**2 + 8*v + 3. Let d be x(-6). Suppose -5*f + 222 = -d. Suppose 0 = 4*n - 289 + f. What is the remainder when n is divided by 13?
10
Suppose -3*b + 6 = 0, 0*b + 5*b = -2*r + 190. Suppose 4*n - 310 = r. What is the remainder when n is divided by 6?
4
Let y(w) = -42*w + 15. Let n be y(-3). Calculate the remainder when 4/(-30) - (-5 - n/45) is divided by 2.
0
Let o be 7 - (-4 - (0 + 1)*-8). Suppose -3*w + 60 = 5*k + 1, -k - o*w + 19 = 0. Calculate the remainder when 25 is divided by k.
5
Suppose 1026 = -3420*v + 3429*v. Calculate the remainder when 383 is divided by v.
41
Let h(y) = 5*y - 5*y**2 + 0 + 0 + 1 + y**3. Suppose -25 = -4*n - 17. Calculate the remainder when h(4) is divided by n.
1
Suppose s - 31 = -r, -2*s + 153 = 3*s + 3*r. Suppose 4*v - s = 34. Calculate the remainder when 1/(0 - 1/(-46)) is divided by v.
14
Let i(s) = -s**2 + 19*s + 37. Let y(u) = u**2 - 18*u - 36. Let p(v) = 4*i(v) + 5*y(v). What is the remainder when 75 is divided by p(18)?
35
Suppose 2*d + 58 = -5*y, y + d - 2 + 13 = 0. What is the remainder when 23 is divided by (y/2)/(-2) + 2 + 7?
11
Let j(h) = 14*h**2 - 58*h - 60. What is the remainder when 512 is divided by j(-1)?
8
Calculate the remainder when 124 is divided by (0 - -3) + 15 + -4.
12
Let n = 244 + -150. Let k(s) = -s + 8. What is the remainder when n is divided by k(-16)?
22
Suppose 4*f + 14 = -5*p + 53, 0 = -2*p - 10. What is the remainder when 94 is divided by f?
14
Suppose -14*x + 11*x = -27. Calculate the remainder when 84 is divided by 3/(x/(-8))*33/(-4).
18
Suppose 1 = 2*u - 19. Calculate the remainder when (-8 - (5 - -26))/(-1 - 0) is divided by u.
9
Let b(m) = -5*m**3 - 4*m**2 - 2*m + 2. Let l(i) = -i**2 - i + 4. Let p be l(-3). Calculate the remainder when b(-2) is divided by ((-12)/30)/(p/40) + 0.
6
Let v(d) = 13*d + 27. Calculate the remainder when v(7) is divided by 18.
10
Let d(a) = 14*a**2 - a - 1. Suppose -3*x = 5*x - 3*x. Suppose x = 8*z - 6*z - 78. What is the remainder when z is divided by d(-1)?
11
Let b(z) = -z**3 + 8*z**2 - 6*z - 8. Calculate the remainder when b(6) is divided by 25.
3
Suppose p + 3*p - 480 = 0. Suppose -6*j + 0*j = -p. Suppose -21*d + 67 = -j*d. Calculate the remainder when d is divided by 23.
21
Suppose 4*y + 2*v = 56, y + v - 4*v = 0. Let p = y + 19. What is the remainder when 59 is divided by p?
28
Let a(i) = -28*i + 1. Let z be a(-2). Let u = -19 + z. Calculate the remainder when 112 is divided by u.
36
Let u = -341 - -378. Calculate the remainder when 123 is divided by u.
12
Let b(k) = -k**3 + k**2 - k + 45. Let c = 3277 + -3100. What is the remainder when c is divided by b(0)?
42
Let u = 201 - -89. Calculate the remainder when u is divided by 92.
14
Let t(a) = a**2 - a - 5. Let w be t(-6). Suppose -n = -12 - w. Let h = 52 + -35. Calculate the remainder when n is divided by h.
15
Let s(i) = 8*i - 4. Let h be s(7). Let u = 151 + h. Let z = u - 131. What is the remainder when z is divided by 15?
12
Suppose 18*g = 15*g. Suppose 5*n - 2*s = 125, -50 = -g*n - 2*n - 3*s. What is the remainder when 72 is divided by n?
22
Let a = 1 - -11. Let p be 94/(-8) + (-7)/28. Calculate the remainder when a is divided by ((-14)/4)/(p/24).
5
Let j(w) = -w**3 + 13*w**2 + 37*w - 33. What is the remainder when 359 is divided by j(15)?
71
Suppose -5*b - 4 = 16. Let d = b + 5. Let j = 11 + d. What is the remainder when 44 is divided by j?
8
Let b be (0 + -10)/(18/(-9)). Suppose -2*r + 39 = -r + b*i, -3*r - 4*i + 139 = 0. Calculate the remainder when r is divided by 13.
10
Let t be (119/(-3))/((-3 + 6)/(-18)). Suppose 8*o + t = 10*o. Calculate the remainder when o is divided by 41.
37
Suppose 3 = 12*p + 3. Suppose 4*l - 7*l + 84 = p. What is the remainder when 111 is divided by l?
27
Let s = 43 + -39. Suppose -s*z - 5*h + 278 = -3*h, -3*z + 3*h + 204 = 0. What is the remainder when z is divided by 12?
9
Let j be 3 + (1 - 0)*28. Suppose 0 = -4*v + 3*v + j. Suppose -5*f + 61 = -4*m, -f - m - v = -4*f. Calculate the remainder when 16 is divided by f.
7
Let w(s) = -s - 10. Suppose 5*x + 11 = -44. Let j be w(x). What is the remainder when j/(3 + (-488)/164) is divided by 14?
13
Let o = -33 - -31. Calculate the remainder when (-12)/(-2 + o) + 18 is divided by 12.
9
Suppose -31*u + 491 = -5151. What is the remainder when u is divided by 8?
6
Calculate the remainder when 82 is divided by 3/7 + (-16)/((-784)/1449).
22
Suppose -1100*s + 1102*s = 106. What is the remainder when s is divided by 41?
12
Let l(j) = 5*j**2 + 4*j + 14. Let f(s) = -6*s**2 - 3*s - 15. Let t(k) = -4*f(k) - 5*l(k). Calculate the remainder when 17 is divided by t(-3).
2
Calculate the remainder when 296 is divided by (2 - (-68)/12)*3.
20
Let i(d) = d**3 + 11*d**2 - 26*d + 7. Let b be i(-13). Let w(q) = -q**3 + 7*q**2 + 6. Calculate the remainder when 27 is divided by w(b).
3
Let i = 14 + 39. Let u = -93 - -130. Suppose -3*n = -47 - u. What is the remainder when i is divided by n?
25
Let g(t) = 3*t**2 + t + 2. Calculate the remainder when g(3) is divided by 189/14*(-12)/(-18).
5
Let v(s) = -15*s + 6. Calculate the remainder when v(-2) is divided by 28.
8
Let w(k) = 6*k + 40. Let r be w(-5). Let o(j) = j + 5. Let b be o(0). Let a = b + r. Calculate the remainder when 57 is divided by a.
12
Let b(o) = -3*o + 134. Calculate the remainder when b(5) is divided by 8.
7
Let f = 111 - 85. Calculate the remainder when f is divided by -10*6*(-12)/45.
10
Let b be 6 + (1 - 2 - -3). Let i = -5 + b. Suppose -c + 8*c - 77 = 0. What is the remainder when c is divided by i?
2
Calculate the remainder when 97 is divided by (1/((-2)/(-25)))/(3/6).
22
Let p(m) = 27 - 7*m**2 + 23*m**2 - m**3 - 28*m - 15. Calculate the remainder when 105 is divided by p(14).
9
Suppose -2*z + 5*f + 41 = -80, -3*f - 119 = -2*z. What is the remainder when z is divided by 10?
8
What is the remainder when -2*(5 - 82/12)*21 is divided by 16?
13
Suppose -3*y + 4*j = 3*j + 28, -4*y - 36 = -2*j. Let n = 14 + y. Suppose -n*u - 6 = -a, -5*a - 3*u + 6*u = -81. Calculate the remainder when 52 is divided by a.
16
Suppose 7*g - 49 = -0*g. Suppose -204 = -g*z - 50. What is the remainder when 41 is divided by z?
19
Let b be 114/(-8) + (-15)/20 - -3. What is the remainder when b*8/(-18) - (-10)/15 is divided by 4?
2
Suppose 2*x + 78 - 360 = 0. Calculate the remainder when x is divided by 258/(9 - 3) + -7.
33
What is the remainder when 374 is divided by ((-363)/4)/(-3) - 60/(-80)?
2
Let d(p) = 18*p**2 + 7*p - 3. Calculate the remainder when d(-4) is divided by 43.
42
Suppose 40 - 997 = -33*x. Calculate the remainder when 306 is divided by x.
16
Suppose 21*g + 72 = 45*g. Calculate the remainder when 90 is divided by g.
0
Suppose -10*w - 80 = -250. Calculate the remainder when 93 is divided by w.
8
Let m(c) = 11*c - 5. What is the remainder when m(9) is divided by 24?
22
Let x be -1 + 3 + 1 + (6 - 6). What is the remainder when 173 is divided by (-596)/(-24) - (34/12 - x)?
23
Let r(y) = -2*y + 3. What is the remainder when 24 is divided by r(-6)?
9
Let p(r) = -4*r + 122. Calculate the remainder when p(-21) is divided by 26.
24
Let r(z) = -z**3 - 19*z**2 + 17*z - 48. Let t(v) = -v - 20. Let k be t(0). Calculate the remainder when 45 is divided by r(k).
9
Let z(x) = x**3 - 20*x**2 + x + 29. Calculate the remainder when z(20) is divided by 10.
9
Let r(c) = c**3 + 3*c**2 + 3*c**2 - 6 + 4*c**2 - 13*c + 0*c**2. Let a be r(-11). Let b = a + -7. Calculate the remainder when 44 is divided by b.
8
Suppose 0 = 9*t - 8*t. Suppose t = 4*l - 4, 11 + 1 = 2*p + 4*l. What is the remainder when 8 is divided